(d)?
2, 461
Suppose 17*r = -1489 - 1010. Let v = -97 - r. What are the prime factors of (1 + v)*2/6?
17
Suppose 299*d + 111352 = 307*d. What are the prime factors of d?
31, 449
Let o(s) be the second derivative of s**4/12 + 4*s**3/3 + 13*s**2/2 + 30*s. Let u be o(-5). List the prime factors of u/((-394)/98 - -4).
2, 7
Let t be (1 - 2)*-3 + 20 + 5257. Suppose -9*d - t = -15*d. What are the prime factors of d?
2, 5, 11
Suppose -16*o + 34758 + 31306 = 0. What are the prime factors of o?
4129
Suppose 106685 = 30*g - 259075. What are the prime factors of g?
2, 3, 127
What are the prime factors of (-8)/(-10) + 7*(-355758)/(-455)?
2, 7, 17, 23
Suppose -3*d - 3 = -12. Let i(s) = -304 - 21*s + 308 + 5*s**2 - d*s**2. List the prime factors of i(12).
2, 5
Let y(q) = -q**3 + q**2 - 5*q - 7. Let a be y(5). Let h = 272 - a. Let v = h - 208. List the prime factors of v.
2, 7
Suppose d - 38 = -o, 3*d - 3*o + 48 = 4*d. Suppose -37*g + d*g = -1004. List the prime factors of g.
251
Let q(o) = 40674*o**2 + 45*o - 42. What are the prime factors of q(1)?
3, 7, 13, 149
Suppose 4*p + 0 = 40. Suppose -p = -5*k - 0. Let u = 149 + k. List the prime factors of u.
151
Let w be (145/3 + 2)/(2/(-6)). Let u = 258 + w. Suppose -u = -5*k - 4*g, 2*g - 40 - 23 = -3*k. What are the prime factors of k?
19
Let z(u) = 20*u**3 + 24*u**2 - 139*u + 12. What are the prime factors of z(10)?
2, 23, 457
Let t be (20/(-4))/(-5)*(-6)/(-2). Suppose 0 = -3*x + t + 3. Suppose -x*c - c + 195 = 0. What are the prime factors of c?
5, 13
Suppose -13*s + 3*i = -12*s - 29042, 116246 = 4*s + i. What are the prime factors of s?
2, 5, 1453
Let h = -69 + 74. Let z(n) = -13*n**2 + 3*n + 21. Let q be z(h). Let i = 494 + q. List the prime factors of i.
5, 41
Let d(f) = 25*f - 58*f - 11 - 42*f. List the prime factors of d(-3).
2, 107
Suppose -5*u - 119*q + 115*q + 11636 = 0, 0 = -2*u - 4*q + 4652. List the prime factors of u.
2, 3, 97
Suppose 3*o + 5*a + 10 = 0, -o - 4 + 8 = -2*a. Suppose -6*v + 160 + 128 = o. List the prime factors of v.
2, 3
Suppose -3*t + 3*l + 616 = t, -4*t - 4*l + 616 = 0. Suppose 0 = -v - 3*u + t + 760, -u = 4*v - 3667. List the prime factors of v.
7, 131
Let q be 3/(-5) - (-4185)/225. What are the prime factors of 0 + 4/q - (-14162)/18?
787
Let f(h) = -10*h**2 + 3*h - 36. Let w be f(-9). Let b = 1718 + w. List the prime factors of b.
5, 13
What are the prime factors of ((-2)/(-6))/((-30)/5715)*-108?
2, 3, 127
Let g(h) be the third derivative of h**4/6 + 83*h**3/6 + 83*h**2. What are the prime factors of g(24)?
179
Let h(w) = -2*w**3 - 9*w**2 - 6*w + 4. Suppose 45*q - 44*q + 4 = 0. Let z be h(q). List the prime factors of z/84 - (-1147)/7.
2, 41
Suppose 2*f - 54 = -f. Let t(d) = -5*d + 46. Let q be t(8). What are the prime factors of q/(-9) + 120/f?
2, 3
Suppose -13361 - 61382 = -9*w - 18763. What are the prime factors of w?
2, 5, 311
Let x(i) = 7*i**2 - 4*i - 12. Suppose -14*p + 15*p = -5. Let t be x(p). Suppose 5*q = 10, f - q = q + t. What are the prime factors of f?
11, 17
Let g(w) = w**3 - 7*w**2 + 4*w - 28. Let v be g(10). Suppose -2*t = -v - 8. List the prime factors of t.
2, 5
Let a(y) = -3*y**3 - 18*y**2 - 22*y + 36. What are the prime factors of a(-12)?
2, 3, 241
Let i = -34 - -39. Suppose -10*h = -i - 15. Suppose 3*s + h*u - 27 = 0, 2*u = -3*s - 2*s + 41. What are the prime factors of s?
7
Suppose 240 = -2*o - 0*o. Let x(h) = 329*h - 51. Let c be x(1). Let k = o + c. What are the prime factors of k?
2, 79
Let r be (-12)/(-14)*(-210)/(-90). Let u = -5 - -5. Suppose u = o, r*d - 3*o - 100 = 76. List the prime factors of d.
2, 11
Let l(b) = 1536*b - 1240. List the prime factors of l(6).
2, 997
Let n(v) = 358*v**3 + 2*v**2 - 1. Let w be 9*3/18 - 1/2. List the prime factors of n(w).
359
Suppose -4493 = -3*p - 5*k, -983*k - 25 = -978*k. List the prime factors of p.
2, 3, 251
Let c be 5 + (-334)/5 + 2/(-10). Let q = 5 - 13. What are the prime factors of 80/q*c/5?
2, 31
Let g = -7715 + 22654. List the prime factors of g.
14939
Let u(k) = 38*k + 51. Let f be u(11). Suppose f*b = 463*b + 738. List the prime factors of b.
3, 41
Suppose -64456 - 148424 = -33*i + 13*i. List the prime factors of i.
2, 3, 887
Suppose 5*r + 3*q = 6, 2*r - 2*q - 12 = -0*q. Suppose r = a - 0. Suppose -g = -0*g - 4, 3*k - 303 = -a*g. What are the prime factors of k?
97
Suppose 0 = 89*z - 143*z - 93*z + 526260. List the prime factors of z.
2, 5, 179
What are the prime factors of (-2 - 448)*(-880)/32*2/2?
3, 5, 11
Let b(f) = 2*f**2 - 5*f + 4. Let r be b(2). Suppose 3*z = g + 4993, -z - 7*g = -r*g - 1691. Suppose 10*x - z = 3*x. List the prime factors of x.
2, 7, 17
Let f(w) = -5*w**3 - 4*w**2 + 2*w + 7. Let j be 11/(-33) - (-8)/(-3). What are the prime factors of f(j)?
2, 5
Let q = -11388 + 27857. What are the prime factors of q?
43, 383
Suppose 7*l + 6021 - 1366 = 0. Let z = -318 - l. What are the prime factors of z?
347
Let w be 2 + -5 + 3 + -4. Let c be 368/60 - w/(-30). Suppose 4*o = c*o - 90. What are the prime factors of o?
3, 5
Suppose 5*c = 6*r - 1875, 122 + 237 = -c - 2*r. Let m = -89 - c. List the prime factors of m.
2, 5, 7
Suppose 1598 + 2450 = 8*y. What are the prime factors of y?
2, 11, 23
Let d = -2483 + 7447. What are the prime factors of d?
2, 17, 73
Suppose 47*g - 87*g + 80 = 0. Suppose -g*h + 1636 = 3*w, -4*h + 5*h = -w + 820. What are the prime factors of h?
2, 103
Let r(t) = 4*t**2 + 6*t**3 - 5*t**3 - t - 14*t**2 + 12*t - 5. Let d be r(16). List the prime factors of (-1)/(-12)*d + 6/8.
11, 13
Let p(c) be the third derivative of -55*c**4/2 + 16*c**3/3 + 136*c**2. What are the prime factors of p(-3)?
2, 503
Let v(s) = s**3 - 14*s**2 + 14*s - 36. Let z be v(14). Let w = z + 107. What are the prime factors of w?
3, 89
Suppose 46*p - 146366 = 238730 - 120918. What are the prime factors of p?
5743
Let a be (30/20)/(3/8). Suppose a + 0 = 2*c. What are the prime factors of (-2 - (c - 106)) + (-1 - -4)?
3, 5, 7
Let q be (-4)/(-22) + 520/44. Suppose 0*f = 5*y + f + q, -5*f - 10 = 0. Let o(x) = -78*x - 3. What are the prime factors of o(y)?
3, 17
List the prime factors of 153 - 133 - (-21523)/1.
3, 43, 167
Suppose 3 = 3*s, -2*y + 27 = 2*y - s. Let x(r) = -r**3 + 14*r**2 + 16. List the prime factors of x(y).
359
Let s be (216/(-10))/(10/(-25)). Suppose 9*b - 36 = s. Suppose 14*g - 13*g = b. What are the prime factors of g?
2, 5
Let x(t) = t**2 + 2*t + 1. Let j be x(-5). Let n(u) = -5*u + 31. Let q(s) = -2*s + 15. Let k(v) = -4*n(v) + 7*q(v). List the prime factors of k(j).
7, 11
Let n be 3000/42 + (-6)/14. Let t = 97 + n. Suppose 6*r + t = 834. What are the prime factors of r?
3, 37
List the prime factors of ((-4)/(-10))/(((-105)/751380)/(5/(-4))).
2, 1789
Let o(j) = 47*j**2 - 375*j - 8139. List the prime factors of o(-22).
22859
Let j(v) = 4*v**2 + 2*v - 14. Let y be ((-56)/(-140))/(21/20 + -1). Let p be j(y). List the prime factors of p/(-10)*(-3)/(6/10).
3, 43
Suppose -2*s = s - 3*o - 3576, -5*o = 0. Suppose 65*g - s = 61*g. What are the prime factors of g?
2, 149
Let o(c) be the first derivative of c**2 + 12*c + 8. Let r be o(-4). Suppose r*m = 2*z + 438, 0 = z + z - 6. List the prime factors of m.
3, 37
List the prime factors of 146164/22 - ((-10)/55 + -17 + 17).
2, 11, 151
Let h be 820 - (6/(-2) - (7 + -14)). Suppose 0 = -136*i + 139*i - h. What are the prime factors of i?
2, 17
Let f(n) = -84*n + 8506. List the prime factors of f(58).
2, 23, 79
Suppose d - 14*w - 23 = -9*w, -4*d - w = -8. Suppose 4*p + 2*g - 974 - 4384 = 0, -p - d*g + 1352 = 0. What are the prime factors of p?
7, 191
Suppose -33*r + 35*r - 3*c - 16504 = 0, 4*c = 2*r - 16502. List the prime factors of r.
5, 13, 127
Let c(u) = 3*u**3 + 2*u**2 + 4*u - 11. Suppose 2*g = 3*a + 10, 7*g = 10*g + 3*a - 15. List the prime factors of c(g).
2, 7, 31
Suppose -2*l = -8, 2*l + 6472 = 57*q - 55*q. What are the prime factors of q?
2, 3, 5
What are the prime factors of (1 - (-4 - 3812))*6?
2, 3, 11, 347
Let h(g) = -21*g**3 - g**2 + 1. Let n be h(-1). Suppose 22*s - 8 = n*s. What are the prime factors of ((-72)/30)/(s/(-540))?
2, 3
Let d = 2653 + -1725. What are the prime factors of d?
2, 29
List the prime factors of (-1079)/(-2) - (-254)/(-508).
7, 11
Let b = -96 + 98. Suppose b*x - 6*x = -420. Let a = x + -95. What are the prime factors of 